is divided by v(0).
14
Let j(v) = v**3 + 10*v**2 + 9*v - 10. Let i be j(-9). Calculate the remainder when 9 is divided by (-2 + 3)/((-2)/i).
4
Suppose 2*i = -3*b + 84, 5*b = i - 0*b - 68. Suppose -4*k = -k - i. Calculate the remainder when 63 is divided by k.
15
Calculate the remainder when 1/((2 + -1)/(702/18)) is divided by 14.
11
Suppose -5*n + 39 = 4*h - 32, 0 = 3*h + 2*n - 55. Calculate the remainder when h is divided by (-527)/(-51) - 2/6.
9
Let t = 6 - 4. Suppose -t*g - 117 = -5*q - 4*g, -5*g + 97 = 4*q. What is the remainder when 89 is divided by q?
20
Let v = 41 + 46. Suppose -3*c = 5*r - 60, -7*r = -3*c - 3*r + v. Calculate the remainder when c is divided by 13.
12
Let v be 3*-2*(1 + -2). Let n = 2 + v. Calculate the remainder when n is divided by 5.
3
Let m = -1 - 0. Let z(r) be the second derivative of -13*r**5/20 + r**4/12 - r**3/6 - r**2/2 - 5*r. What is the remainder when z(m) is divided by 8?
6
Let h(g) = g**3 - 11*g**2 + 13*g - 16. Calculate the remainder when 53 is divided by h(10).
11
Suppose -2*m - 460 = -5*v - 0*m, 0 = 3*v - m - 275. What is the remainder when v is divided by 24?
18
Let h = 36 + -21. Calculate the remainder when 27 is divided by h.
12
Let i = 37 + -23. Calculate the remainder when i is divided by 6.
2
Suppose 2*v + 28 = 2*d, -d - 3*d + 54 = -5*v. Let u = 65 + -35. Calculate the remainder when u is divided by d.
14
Let f = 71 - 59. Calculate the remainder when 3/15 + (-458)/(-10) is divided by f.
10
Suppose 3*w - w - 82 = 0. Suppose -4*a + a = 4*v - 44, -4*v + 52 = a. What is the remainder when w is divided by v?
13
Suppose -70*l + 71*l = 1. Suppose -y + 3 = -0. Calculate the remainder when y is divided by l.
0
Let l(m) = -m**2 - 2*m + 1. Let f be l(1). Let i be (-10)/(-4)*(f + 4). Let s = 13 + i. Calculate the remainder when s is divided by 10.
8
Suppose 2*z + 4*t = 86, 5*z - 2*t + 0*t = 155. Calculate the remainder when z is divided by 12.
9
Let y(m) = 5*m**2 - 3*m - 3. Let r(o) = 2*o**3 - 2*o**2 - 2*o. Let i be r(2). What is the remainder when y(i) is divided by 17?
14
Calculate the remainder when (-1028)/(-28) + 4/14 is divided by 10.
7
Let z be (-4)/(-6)*(-117)/(-6). Let l = -4 + z. What is the remainder when 24 is divided by l?
6
Let n be 1 + -1 - (1 - -36). Let w = -22 - n. Suppose 5*i + 3*u = 214, -2*i - i + 124 = 4*u. What is the remainder when i is divided by w?
14
Suppose -1 = d - 5. Let y = 5 + d. What is the remainder when 26 is divided by y?
8
Let u(k) = -k**3 + 15*k**2 - 14*k - 48. What is the remainder when u(13) is divided by 29?
21
Let z = 37 + 100. Let w = -32 + z. What is the remainder when w is divided by 27?
24
Let q(x) = 3*x**2 + 1. Let o be q(-1). Suppose -10 = -2*d + n, -3*d - 2*d - o*n + 51 = 0. Calculate the remainder when 13 is divided by d.
6
Let j(x) = 53*x**2 - x + 1. Suppose -2*l + 18 + 4 = 0. Let s(a) = -a**3 + 10*a**2 + 13*a - 4. Calculate the remainder when j(1) is divided by s(l).
17
Let u = 30 - 19. Let l(r) = -r**3 - 3*r**2 + 7*r + 16. Calculate the remainder when u is divided by l(-4).
3
Suppose -z - 32 = 3*z. What is the remainder when (-1)/((-2)/z)*-4 is divided by (-62)/(-10) - 1/5?
4
Suppose -16 = 5*m - 111. Calculate the remainder when m is divided by 7.
5
Let l = -5 - 0. Let f = l + 7. Suppose -48*w + 46*w = -8. Calculate the remainder when w is divided by f.
0
Suppose -5*c = 113 + 27. Let n = c + 51. Suppose -2*z + 3 = -13. What is the remainder when n is divided by z?
7
Suppose -28*o + 32*o = 352. Calculate the remainder when o is divided by 23.
19
Suppose -4*g - 2*l + 76 = 0, -g - 4*l + 16 - 4 = 0. Suppose 36 = 3*w - y, -w + 2*y + 17 = -0*w. Calculate the remainder when g is divided by w.
9
Let u(t) = t**2 + t + 5. Let g be u(0). Let c = 9 - g. Calculate the remainder when 11 is divided by c.
3
Let a(o) = -o**3 + 8*o**2 + 9*o + 3. What is the remainder when a(9) is divided by 3?
0
Suppose 4*z - 79 + 39 = 0. What is the remainder when 36 is divided by z?
6
Suppose 4*s - 8*s - 9 = 3*h, -5*h - 15 = 4*s. Suppose 4*t = -s*t. What is the remainder when (2 - 2 - -68) + t is divided by 23?
22
Suppose -4*n = 8, -3*b + 3*n - 10 = 53. Let k = 40 + b. Suppose 2*r - k = 7. Calculate the remainder when 35 is divided by r.
11
Let p(n) = -6*n - 21. What is the remainder when p(-9) is divided by (-36)/(-2) - (1 + 0)?
16
Suppose 0 = -i + s + 9, -i + 4*i = -4*s + 48. Calculate the remainder when (-125)/(-4) + (-3)/i is divided by 11.
9
Suppose -5*i + 2*i = -54. Calculate the remainder when 52 is divided by i.
16
Calculate the remainder when (-3 - (-35)/15)/(2/(-78)) is divided by 9.
8
Let d = -36 - -52. Let z(n) = -n**2 - 17*n + 31. What is the remainder when z(-16) is divided by d?
15
Suppose -3*r = -99 - 66. What is the remainder when r is divided by 29?
26
Suppose r + 6 - 18 = 0. Calculate the remainder when 22 is divided by r.
10
Let g = -3 - -5. Suppose 2*r = g*q, 0 + 8 = -r + 3*q. Calculate the remainder when (22/6)/(r/24) is divided by 8.
6
Let u(r) = -r - 1. Let c(i) = -i - 11. Let t be c(8). Let v = 13 + t. Calculate the remainder when u(v) is divided by 2.
1
Let x = 6 + -4. Let u(g) = -6*g + 2. Calculate the remainder when u(-5) is divided by x/(-2)*(-12 - -1).
10
Suppose 29 = 4*z + 9. What is the remainder when 15 is divided by z?
0
Calculate the remainder when (-4 - (2 + -3)) + 21 is divided by 5.
3
Suppose 2*y + 2*y - 220 = 0. Suppose 2*j - 15 - y = 5*z, j - 5*z - 45 = 0. What is the remainder when j is divided by 13?
12
Let s(l) = -7*l - 21. What is the remainder when s(-6) is divided by 11?
10
Suppose 4*l - 39 = 5*g, 4*g = -g + 25. Let f = 3 - -4. Let k(t) = t**3 - 7*t**2 + 7*t - 3. What is the remainder when k(f) is divided by l?
14
Let c(z) = z. Let n(l) = 5*l - 1. Let a(w) = -3*c(w) + n(w). Calculate the remainder when 21 is divided by a(6).
10
Let h(x) = 3*x**2 - 1. Let v be h(6). Let b = -64 + v. Let q = 6 + 9. What is the remainder when b is divided by q?
13
Let b(y) = -y**3 + 7*y**2 + 7*y - 17. Let u be b(7). Let t = -15 + u. Calculate the remainder when 33 is divided by t.
16
Let v be -2*(-17)/(-3)*-3. Suppose 2*t - 126 = 2*l, v = 3*t + l - 167. Suppose -b + t = 2*b. Calculate the remainder when b is divided by 12.
10
Suppose -5*m = 5, -3*m = -y + 3*y - 45. Let i = -10 + 17. Let u(l) = 9*l + 8. Calculate the remainder when u(i) is divided by y.
23
Suppose 0 = 4*z - 7 - 49. Suppose 0*h + 14 = 2*h. Calculate the remainder when z is divided by (-3 + h)/(1/2).
6
Let j be 6 - (1 + -3 - -1). Suppose -l + j = -10. Calculate the remainder when 48 is divided by l.
14
Let o = 30 - 28. Suppose -4*w + 13 = -11. Calculate the remainder when w is divided by o.
0
Let b be (21/12)/((-2)/(-80)). Let y = b + -50. What is the remainder when y is divided by 7?
6
Suppose -b + 4*b = 54. Suppose k = -2*k + 9. Suppose -i - 3*v = -3, -k*v = -i - v + b. Calculate the remainder when 35 is divided by i.
11
Let k be (16 - 2 - 3) + 0. Let i = -5 + k. What is the remainder when 11 is divided by i?
5
Let w = -9 + 17. Suppose -1 = 2*z + 45. What is the remainder when z/2*1*-2 is divided by w?
7
Suppose -2*b = -6, 5*b + 136 = 5*j + 26. Let y(f) = 2*f + 24. Calculate the remainder when y(12) is divided by j.
23
Let o(a) be the second derivative of -2*a**3/3 - a**2 - a. Let s(k) = -3*k**2 - 3*k. Let j be s(-2). Calculate the remainder when o(j) is divided by 6.
4
Suppose -4 = -z - 2. Suppose 39 = z*l + 3. What is the remainder when (-939)/(-27) + 6/27 is divided by l?
17
Suppose 0 = -4*b - 2*f + f - 293, 4*f + 4 = 0. Let g = -6 - b. Calculate the remainder when g is divided by 23.
21
Let v = -2 + 4. What is the remainder when 9 is divided by v - 1 - (3 - 8)?
3
Suppose 4*z = 3*f - 4, -3*z - 11 + 42 = 2*f. Let y = f + -13. What is the remainder when 122/10 - y/(-25) is divided by 7?
5
Suppose 0 = 2*m + m + f - 23, f - 2 = 0. Suppose 2*g - g + 3 = 0. Let w = g + 6. What is the remainder when m is divided by w?
1
Suppose -4*a + 2*o + 16 = 0, 4*a - 5*a + 4 = o. Let w(l) be the first derivative of 7*l**2/2 - 3*l + 30. Calculate the remainder when w(a) is divided by 7.
4
Let d be 24/(-8) + (6 - 0). Suppose d*k + k = 12. Suppose 0 = 2*r + 3*r - 20. What is the remainder when r is divided by k?
1
Let f(i) = 4*i. Let u(p) = -7*p. Let d(x) = -5*f(x) - 3*u(x). Let w be d(-2). Calculate the remainde